{"id":3294,"date":"2014-07-04T11:48:04","date_gmt":"2014-07-04T10:48:04","guid":{"rendered":"http:\/\/www.talent.upc.edu\/blog\/?page_id=3294"},"modified":"2018-07-05T12:38:40","modified_gmt":"2018-07-05T11:38:40","slug":"open-talent-cat","status":"publish","type":"page","link":"https:\/\/upcschool.upc.edu\/blog\/open-talent-cat\/?lang=ca","title":{"rendered":"Open Talent"},"content":{"rendered":"<p>El cicle de <strong>confer\u00e8ncies Open Talent<\/strong> \u00e9s un cicle de <strong>sessions gratu\u00eftes i en obert<\/strong> que tenen com objectiu facilitar l&#8217;acc\u00e9s al coneixement i a l&#8217;intercanvi d&#8217;experi\u00e8ncies en les nostres \u00e0rees de coneixement i expertise: <strong>arquitectura, management i innovaci\u00f3 i tecnologia.<br \/>\n<\/strong><\/p>\n<p>Tot seguit podr\u00e0s consultar tot l&#8217;hist\u00f2ric de confer\u00e8ncies Open Talent que hem realitzat fins el moment.<\/p>\n<p><a href=\"https:\/\/upcschool.upc.edu\/blog\/wp-content\/uploads\/2013\/05\/open-talent_t.jpg\"><img loading=\"lazy\" decoding=\"async\" class=\"alignnone wp-image-108\" src=\"https:\/\/upcschool.upc.edu\/blog\/wp-content\/uploads\/2013\/05\/open-talent_t.jpg\" alt=\"open talent_t\" width=\"281\" height=\"179\"><\/a><\/p>\n","protected":false},"excerpt":{"rendered":"<p>El cicle de confer\u00e8ncies Open Talent \u00e9s un cicle de sessions gratu\u00eftes i en obert que tenen com objectiu facilitar l&#8217;acc\u00e9s al coneixement i a l&#8217;intercanvi d&#8217;experi\u00e8ncies en les nostres \u00e0rees de coneixement i expertise: arquitectura, management i innovaci\u00f3 i tecnologia. Tot seguit podr\u00e0s consultar tot l&#8217;hist\u00f2ric de confer\u00e8ncies Open Talent que hem realitzat fins &#8230; <a title=\"Open Talent\" class=\"read-more\" href=\"https:\/\/upcschool.upc.edu\/blog\/open-talent-cat\/?lang=ca\" aria-label=\"Read more about Open Talent\">Leer m\u00e1s<\/a><\/p>\n","protected":false},"author":1,"featured_media":0,"parent":0,"menu_order":0,"comment_status":"open","ping_status":"open","template":"portfolio.php","meta":{"footnotes":""},"class_list":["post-3294","page","type-page","status-publish"],"aioseo_notices":[],"_links":{"self":[{"href":"https:\/\/upcschool.upc.edu\/blog\/wp-json\/wp\/v2\/pages\/3294","targetHints":{"allow":["GET"]}}],"collection":[{"href":"https:\/\/upcschool.upc.edu\/blog\/wp-json\/wp\/v2\/pages"}],"about":[{"href":"https:\/\/upcschool.upc.edu\/blog\/wp-json\/wp\/v2\/types\/page"}],"author":[{"embeddable":true,"href":"https:\/\/upcschool.upc.edu\/blog\/wp-json\/wp\/v2\/users\/1"}],"replies":[{"embeddable":true,"href":"https:\/\/upcschool.upc.edu\/blog\/wp-json\/wp\/v2\/comments?post=3294"}],"version-history":[{"count":16,"href":"https:\/\/upcschool.upc.edu\/blog\/wp-json\/wp\/v2\/pages\/3294\/revisions"}],"predecessor-version":[{"id":8204,"href":"https:\/\/upcschool.upc.edu\/blog\/wp-json\/wp\/v2\/pages\/3294\/revisions\/8204"}],"wp:attachment":[{"href":"https:\/\/upcschool.upc.edu\/blog\/wp-json\/wp\/v2\/media?parent=3294"}],"curies":[{"name":"wp","href":"https:\/\/api.w.org\/{rel}","templated":true}]}}