{"id":6,"date":"2013-05-16T08:15:09","date_gmt":"2013-05-16T08:15:09","guid":{"rendered":"http:\/\/www.talent.upc.edu\/blog\/?page_id=6"},"modified":"2025-12-11T12:43:46","modified_gmt":"2025-12-11T11:43:46","slug":"oferta-formativa-cat","status":"publish","type":"page","link":"https:\/\/upcschool.upc.edu\/blog\/oferta-formativa-cat\/?lang=ca","title":{"rendered":"Oferta Formativa UPC School"},"content":{"rendered":"<p>La <a title=\"UPC School | M\u00e1sters | Posgrados\" href=\"http:\/\/www.talent.upc.edu\" target=\"_blank\" rel=\"noopener\"><strong>UPC School<\/strong><\/a> t\u2019ofereix un ampli cat\u00e0leg de formaci\u00f3 permanent, amb prop de 200 programes anuals \u2014entre m\u00e0sters, postgraus i cursos d\u2019especialitzaci\u00f3\u2014 dissenyats amb un enfocament professional i adaptats a les necessitats de l\u2019entorn econ\u00f2mic, social i empresarial.<\/p>\n<p data-start=\"339\" data-end=\"602\">La nostra <strong>oferta de formaci\u00f3 permanent UPC<\/strong> est\u00e0 pensada per impulsar les compet\u00e8ncies dels professionals en els \u00e0mbits d&#8217;<strong>Arquitectura\u00a0i Entorn Constru\u00eft<\/strong>; <strong data-start=\"486\" data-end=\"518\">TIC i Transformaci\u00f3 Digital<\/strong>; <strong data-start=\"520\" data-end=\"555\">Enginyeria i Ind\u00fastria Avan\u00e7ada<\/strong>; <strong data-start=\"557\" data-end=\"571\">Management<\/strong>;<strong data-start=\"557\" data-end=\"571\"> Sostenibilitat i Transici\u00f3 Energ\u00e8tica;<\/strong> i <strong data-start=\"574\" data-end=\"601\">Tecnologies de la Salut<\/strong>.<\/p>\n<p data-start=\"604\" data-end=\"824\">Els programes formatius permeten aprofundir en l\u2019aprenentatge t\u00e8cnic de cada \u00e0mbit i, al mateix temps, proporcionen les eines necess\u00e0ries per desenvolupar noves habilitats en gesti\u00f3, direcci\u00f3 i lideratge de projectes.<\/p>\n<p data-start=\"826\" data-end=\"987\" data-is-last-node=\"\" data-is-only-node=\"\">Consulta al nostre web tots els <strong>m\u00e0sters, postgraus i cursos<\/strong> disponibles i troba l&#8217;opci\u00f3 de desenvolupament professional que millor s\u2019adapti al teu creixement i projecci\u00f3 de futur.<\/p>\n<div>\n<ul>\n<li><a href=\"https:\/\/upcschool.upc.edu\/cat\/estudis\/formacio\/arquitectura\/\" target=\"_blank\" rel=\"noopener\">M\u00e0sters, postgraus i cursos en Arquitectura i Entorn Constru\u00eft<\/a><\/li>\n<li><a href=\"https:\/\/upcschool.upc.edu\/cat\/estudis\/formacio\/tic\/\" target=\"_blank\" rel=\"noopener\">M\u00e0sters, postgraus i cursos en TIC i Transformaci\u00f3 Digital<\/a><\/li>\n<li><a href=\"https:\/\/upcschool.upc.edu\/cat\/estudis\/formacio\/enginyeria\/\" target=\"_blank\" rel=\"noopener\">M\u00e0sters, postgraus i cursos en Enginyeria i Ind\u00fastria Avan\u00e7ada<\/a><\/li>\n<li><a href=\"https:\/\/upcschool.upc.edu\/cat\/estudis\/formacio\/management\/\" target=\"_blank\" rel=\"noopener\">M\u00e0sters, postgraus i cursos en Management<\/a><\/li>\n<li><a href=\"https:\/\/upcschool.upc.edu\/cat\/estudis\/formacio\/sostenibilitat\/\" target=\"_blank\" rel=\"noopener\">M\u00e0sters, postgraus i cursos en Sostenibilitat i Transici\u00f3 Energ\u00e8tica<\/a><\/li>\n<li><a href=\"https:\/\/upcschool.upc.edu\/cat\/estudis\/formacio\/salut\/\" target=\"_blank\" rel=\"noopener\">M\u00e0sters, postgraus i cursos en Tecnologies de la Salut<\/a><\/li>\n<\/ul>\n<p><a href=\"https:\/\/upcschool.upc.edu\/blog\/wp-content\/uploads\/2013\/05\/Hall-2.jpg\"><img loading=\"lazy\" decoding=\"async\" class=\"alignnone size-full wp-image-155\" src=\"https:\/\/upcschool.upc.edu\/blog\/wp-content\/uploads\/2013\/05\/Hall-2.jpg\" alt=\"UPC School\" width=\"3676\" height=\"2472\" srcset=\"https:\/\/upcschool.upc.edu\/blog\/wp-content\/uploads\/2013\/05\/Hall-2.jpg 3676w, https:\/\/upcschool.upc.edu\/blog\/wp-content\/uploads\/2013\/05\/Hall-2-300x201.jpg 300w, https:\/\/upcschool.upc.edu\/blog\/wp-content\/uploads\/2013\/05\/Hall-2-1024x688.jpg 1024w, https:\/\/upcschool.upc.edu\/blog\/wp-content\/uploads\/2013\/05\/Hall-2-446x300.jpg 446w\" sizes=\"auto, (max-width: 3676px) 100vw, 3676px\" \/><\/a><\/p>\n<\/div>\n","protected":false},"excerpt":{"rendered":"<p>La UPC School t\u2019ofereix un ampli cat\u00e0leg de formaci\u00f3 permanent, amb prop de 200 programes anuals \u2014entre m\u00e0sters, postgraus i cursos d\u2019especialitzaci\u00f3\u2014 dissenyats amb un enfocament professional i adaptats a les necessitats de l\u2019entorn econ\u00f2mic, social i empresarial. La nostra oferta de formaci\u00f3 permanent UPC est\u00e0 pensada per impulsar les compet\u00e8ncies dels professionals en els &#8230; <a title=\"Oferta Formativa UPC School\" class=\"read-more\" href=\"https:\/\/upcschool.upc.edu\/blog\/oferta-formativa-cat\/?lang=ca\" aria-label=\"Read more about Oferta Formativa UPC School\">Leer m\u00e1s<\/a><\/p>\n","protected":false},"author":1,"featured_media":0,"parent":0,"menu_order":0,"comment_status":"closed","ping_status":"closed","template":"","meta":{"footnotes":""},"class_list":["post-6","page","type-page","status-publish"],"aioseo_notices":[],"_links":{"self":[{"href":"https:\/\/upcschool.upc.edu\/blog\/wp-json\/wp\/v2\/pages\/6","targetHints":{"allow":["GET"]}}],"collection":[{"href":"https:\/\/upcschool.upc.edu\/blog\/wp-json\/wp\/v2\/pages"}],"about":[{"href":"https:\/\/upcschool.upc.edu\/blog\/wp-json\/wp\/v2\/types\/page"}],"author":[{"embeddable":true,"href":"https:\/\/upcschool.upc.edu\/blog\/wp-json\/wp\/v2\/users\/1"}],"replies":[{"embeddable":true,"href":"https:\/\/upcschool.upc.edu\/blog\/wp-json\/wp\/v2\/comments?post=6"}],"version-history":[{"count":16,"href":"https:\/\/upcschool.upc.edu\/blog\/wp-json\/wp\/v2\/pages\/6\/revisions"}],"predecessor-version":[{"id":17672,"href":"https:\/\/upcschool.upc.edu\/blog\/wp-json\/wp\/v2\/pages\/6\/revisions\/17672"}],"wp:attachment":[{"href":"https:\/\/upcschool.upc.edu\/blog\/wp-json\/wp\/v2\/media?parent=6"}],"curies":[{"name":"wp","href":"https:\/\/api.w.org\/{rel}","templated":true}]}}

<p>La <a title="UPC School | Másters | Posgrados" href="http://www.talent.upc.edu" target="_blank" rel="noopener"><strong>UPC School</strong></a> t’ofereix un ampli catàleg de formació permanent, amb prop de 200 programes anuals —entre màsters, postgraus i cursos d’especialització— dissenyats amb un enfocament professional i adaptats a les necessitats de l’entorn econòmic, social i empresarial.</p>
<p data-start="339" data-end="602">La nostra <strong>oferta de formació permanent UPC</strong> està pensada per impulsar les competències dels professionals en els àmbits d&#8217;<strong>Arquitectura i Entorn Construït</strong>; <strong data-start="486" data-end="518">TIC i Transformació Digital</strong>; <strong data-start="520" data-end="555">Enginyeria i Indústria Avançada</strong>; <strong data-start="557" data-end="571">Management</strong>;<strong data-start="557" data-end="571"> Sostenibilitat i Transició Energètica;</strong> i <strong data-start="574" data-end="601">Tecnologies de la Salut</strong>.</p>
<p data-start="604" data-end="824">Els programes formatius permeten aprofundir en l’aprenentatge tècnic de cada àmbit i, al mateix temps, proporcionen les eines necessàries per desenvolupar noves habilitats en gestió, direcció i lideratge de projectes.</p>
<p data-start="826" data-end="987" data-is-last-node="" data-is-only-node="">Consulta al nostre web tots els <strong>màsters, postgraus i cursos</strong> disponibles i troba l&#8217;opció de desenvolupament professional que millor s’adapti al teu creixement i projecció de futur.</p>
<div>
<ul>
<li><a href="https://upcschool.upc.edu/cat/estudis/formacio/arquitectura/" target="_blank" rel="noopener">Màsters, postgraus i cursos en Arquitectura i Entorn Construït</a></li>
<li><a href="https://upcschool.upc.edu/cat/estudis/formacio/tic/" target="_blank" rel="noopener">Màsters, postgraus i cursos en TIC i Transformació Digital</a></li>
<li><a href="https://upcschool.upc.edu/cat/estudis/formacio/enginyeria/" target="_blank" rel="noopener">Màsters, postgraus i cursos en Enginyeria i Indústria Avançada</a></li>
<li><a href="https://upcschool.upc.edu/cat/estudis/formacio/management/" target="_blank" rel="noopener">Màsters, postgraus i cursos en Management</a></li>
<li><a href="https://upcschool.upc.edu/cat/estudis/formacio/sostenibilitat/" target="_blank" rel="noopener">Màsters, postgraus i cursos en Sostenibilitat i Transició Energètica</a></li>
<li><a href="https://upcschool.upc.edu/cat/estudis/formacio/salut/" target="_blank" rel="noopener">Màsters, postgraus i cursos en Tecnologies de la Salut</a></li>
</ul>
<p><a href="https://upcschool.upc.edu/blog/wp-content/uploads/2013/05/Hall-2.jpg"><img loading="lazy" decoding="async" class="alignnone size-full wp-image-155" src="https://upcschool.upc.edu/blog/wp-content/uploads/2013/05/Hall-2.jpg" alt="UPC School" width="3676" height="2472" srcset="https://upcschool.upc.edu/blog/wp-content/uploads/2013/05/Hall-2.jpg 3676w, https://upcschool.upc.edu/blog/wp-content/uploads/2013/05/Hall-2-300x201.jpg 300w, https://upcschool.upc.edu/blog/wp-content/uploads/2013/05/Hall-2-1024x688.jpg 1024w, https://upcschool.upc.edu/blog/wp-content/uploads/2013/05/Hall-2-446x300.jpg 446w" sizes="auto, (max-width: 3676px) 100vw, 3676px" /></a></p>
</div>

<p>La UPC School t’ofereix un ampli catàleg de formació permanent, amb prop de 200 programes anuals —entre màsters, postgraus i cursos d’especialització— dissenyats amb un enfocament professional i adaptats a les necessitats de l’entorn econòmic, social i empresarial. La nostra oferta de formació permanent UPC està pensada per impulsar les competències dels professionals en els &#8230; <a title="Oferta Formativa UPC School" class="read-more" href="https://upcschool.upc.edu/blog/oferta-formativa-cat/?lang=ca" aria-label="Read more about Oferta Formativa UPC School">Leer más</a></p>
